k**2. Let x be i(-21). Let l = x - -18. What are the prime factors of l?
109
Let w = -683 - -1031. Let s be (-2)/(-4) - (2 - 1804/(-8)). Let v = s + w. What are the prime factors of v?
11
Let z(t) be the third derivative of -91*t**4/12 - 86*t**3/3 + 2*t**2 - 58*t. List the prime factors of z(-6).
2, 5, 23
Let k = -107 + 105. List the prime factors of k/13 + (-172048)/(-208).
827
Let m = -14 + 22. Let t be 3/12 - (-910)/m. What are the prime factors of t/9*3 + 3?
41
Suppose -y + 2 = -4*m + y, 0 = 5*m - 2*y + 2. Let u(n) = 2*n**2 + n + 73. List the prime factors of u(m).
73
Let n be 9/(-12)*(-52)/3. Suppose -n*d + 350 - 12 = 0. List the prime factors of d.
2, 13
Suppose 0 = 2*o + 2*s - 30847 + 115, 0 = 3*o - 5*s - 46146. What are the prime factors of o?
2, 3, 7, 61
Suppose -9*r = -r - 16. Suppose -2467 = -5*y - 3*i, -2439 = -7*y + r*y + 4*i. List the prime factors of y.
491
Let d be ((-186)/(-155))/(1 - 14/20). Let s be d*-3*1*1/(-2). What are the prime factors of 47/((s/21)/((-8)/(-14)))?
2, 47
Suppose -36*i + 52008 = -13836. What are the prime factors of i?
31, 59
Suppose 32*x - 349895 - 318457 = 0. List the prime factors of x.
2, 3, 59
What are the prime factors of 1134*184*(-11)/(-176)?
3, 7, 23
Let y(x) = -3*x**3 - 4*x**2 - 4*x + 4. Let i be y(-4). Suppose 15*a + 198 = 18*a. Let l = i - a. List the prime factors of l.
2, 41
Suppose 0 = 3*m - 3*l + 9, l - 3 = 2*m. Let g(h) = 2*h - 11. Let s be g(m). Let y(j) = j**2 - 6*j + 31. What are the prime factors of y(s)?
2, 109
Let a = -21577 + 30231. What are the prime factors of a?
2, 4327
Let c(j) = j**2 - 8*j - 18. Let i be c(10). Let g(f) = -3*f**i + f**3 - 8*f + 5*f + 8 + f**2. What are the prime factors of g(6)?
2, 67
Let j(k) = k**3 + 2*k**2 - 2. Let l = -48 - -46. Let z be j(l). List the prime factors of ((-8)/16)/(z/4) - -43.
2, 11
Let u(f) = -2*f**3 + f**2 - f. Let r(b) = 1255*b**3 - 4*b**2 + 12*b + 5. Let v(p) = -r(p) - 6*u(p). What are the prime factors of v(-1)?
2, 3, 23
Let y(a) = -20 + 4*a - 27*a + 966*a**2 - 954*a**2. What are the prime factors of y(-9)?
19, 61
Let u(v) = -v**2 + 170*v - 10. List the prime factors of u(114).
2, 3187
Suppose -4*w + 2*c + 319 = 5*c, -2*w = c - 157. Let s = 83 + w. List the prime factors of s.
3, 53
Suppose 0 = -34*a - 112044 + 789392. List the prime factors of a.
2, 7, 1423
Suppose 4*y - 23756 = -4*c, -119*c + y - 29699 = -124*c. List the prime factors of c.
2, 3, 5, 11
Let i(b) = b**3 + 59*b**2 - 133*b - 13. What are the prime factors of i(-54)?
7, 13, 239
Let h(o) = o**2 + 14*o + 45. Let f be h(-10). Suppose -3*p + 1687 = -4*t, -f*p = -0*p + 5*t - 2835. What are the prime factors of p?
5, 113
Suppose 2*g - 4554 = -2*k, g + 14*k - 2281 = 17*k. What are the prime factors of g?
2, 17, 67
Suppose 2 = 2*o - 3*o, 0 = 3*z - 4*o + 544. Let g = -101 - z. Suppose 9*j - 163 = -4*r + 4*j, -2*r = j - g. What are the prime factors of r?
2, 3, 7
List the prime factors of (14 - (42 + -8)) + 25121.
3, 2789
Suppose -20 + 12 = -8*w. List the prime factors of (-1104)/(-2)*w/((-6)/(-4)).
2, 23
Suppose -2*g = 3*n - n - 17556, -4*g = 8. What are the prime factors of n?
2, 5, 439
Let a(t) = 12*t - 25. Let o be a(5). Let n be 14/o - 294/(-15). Suppose -13*y + n + 136 = 0. List the prime factors of y.
2, 3
Let y(n) = 36*n**2 - 34*n**2 + 23 + 1 + 29*n. List the prime factors of y(-24).
2, 3, 5
Let f = -217 - -13806. What are the prime factors of f?
107, 127
Suppose j + 3*j + 62 = -3*l, 0 = -j - 3*l - 20. Let c(a) = a**3 + 15*a**2 + 16*a + 33. Let i be c(j). List the prime factors of (1 - 2)/(i/(-1285)).
257
Suppose 494*r - 4498 = 493*r. What are the prime factors of r?
2, 13, 173
Let q(d) = d**3 - 7*d**2 - 18*d + 3. Let l be q(9). Suppose 0 = -4*s - 5*p + 455, 3*s + 0*s = -l*p + 345. List the prime factors of s.
2, 3, 5
Suppose -189 = -4*w - 5*q, w - 56 + 12 = 2*q. Suppose 0 = -2*n - r + 1638, 0 = n + 45*r - w*r - 813. What are the prime factors of n?
19, 43
List the prime factors of 9094 + (-6 - 54/(-9)) - (4 + -1).
9091
Suppose -4998 = -3*x - 4*l + 11350, 4*x - 21809 = -3*l. What are the prime factors of x?
2, 11, 31
Suppose -5*s - 136170 = -5*h, -4*h - 52322 + 161248 = -2*s. List the prime factors of h.
73, 373
Let n = -1313 + 2429. Suppose -121*l + 125*l - n = 0. List the prime factors of l.
3, 31
Let v be (-7974)/(-90) + 6/15. Suppose 0 = 3*x - 3, -v - 398 = -g - 3*x. List the prime factors of g.
2, 11
Suppose -1 = -2*t - 5*i, -5*i = -5*t - 2*i + 18. Let k be (6/(-6))/(1/(-58)). Suppose 5*r - k = t*r. List the prime factors of r.
29
Let b(t) be the first derivative of -t**4/4 - 11*t**3/3 - 10*t**2 - 65*t + 122. What are the prime factors of b(-14)?
11, 73
Suppose 8148 = i - 4*b, 222*i + 3*b = 218*i + 32649. What are the prime factors of i?
2, 3, 5, 17
Let z(n) = 73*n**2 - 56*n - 322. List the prime factors of z(-14).
2, 5, 7, 211
List the prime factors of (-125058)/(-37) - 174/(-3219).
2, 5, 13
Let s be ((-1566)/4)/((-12)/(-32)*-2). Let x = -248 + s. What are the prime factors of x?
2, 137
Suppose 4*a - 3*h + 2*h = 1055, 5*a = -4*h + 1324. Suppose -5*c - 4*k = -6*k + a, 48 = -c - 2*k. Let u = c - -56. What are the prime factors of u?
2
Suppose o - 7344 = 7*o. What are the prime factors of ((-26)/6)/(17/o)?
2, 3, 13
Let w = 22883 + 1402. List the prime factors of w.
3, 5, 1619
Suppose 0 = 7*i - 233837 - 207606 - 26059. What are the prime factors of i?
2, 3, 11131
Suppose 2*v - 3*b + 15 = 4*v, -4*b = 3*v - 20. Let p = 188 + v. List the prime factors of p.
2, 47
Let o(v) = 731*v**2 + v. Let f be o(1). Let b = 1035 - f. Let s = b - 180. What are the prime factors of s?
3, 41
Suppose 16*d = 8692 + 3068. Suppose -d = q - 4*q - 5*p, 3*q - 3*p - 759 = 0. What are the prime factors of q?
2, 5
Let s(g) = -61*g**3 + g**2 - g. Let y be s(1). Let t = y - -127. Let p = t - 17. What are the prime factors of p?
7
Let j(i) = -3081*i + 12256. List the prime factors of j(-19).
5, 14159
List the prime factors of (-2511)/(-18)*-5*(-90)/5.
3, 5, 31
Let s(d) = d**3 - 8*d**2 - 9*d + 2. Let m be s(9). Suppose -m = 3*y - 5. Let j(a) = 50*a**2 + a. What are the prime factors of j(y)?
3, 17
Let b(n) = 12*n**3 + 8*n**2 - n - 11. Let m be b(4). Suppose m + 19 = 3*i. What are the prime factors of i?
2, 3, 5
Suppose 105 = 2*s + d, 2*s + 4*d = 5*s - 152. Let p = 61 - s. What are the prime factors of (11 - p)*(2 - (-126)/4)?
67
Let a(f) = -2*f + 3. Suppose 0 = 2*q + 4*k + 10, -5*q = 3*k - 0 + 4. Let u be a(q). What are the prime factors of u + -3 - (-2 - -287)/(-3)?
3, 31
Let h(d) = 3*d**2 - 21*d - 240. List the prime factors of h(45).
2, 3, 5, 163
Suppose -116740 - 44974 + 5906 = -16*d. What are the prime factors of d?
2, 3, 541
Let u(m) = -3130*m + 551. What are the prime factors of u(-5)?
17, 953
Let j be -2*((-814)/4)/11. Suppose -j*b - 1098 = -46*b. What are the prime factors of b?
2, 61
Let r = 31544 - 17455. List the prime factors of r.
73, 193
Suppose 0 = 5*w + 3 + 7, 4*x = 2*w + 31264. Suppose -x = 6*f - 11*f. What are the prime factors of f?
3, 521
Suppose 230*s - 231*s = 73. Suppose 4*w + 105 - 593 = 0. Let p = s + w. List the prime factors of p.
7
Suppose 19*m + 50*m = 37*m + 778912. List the prime factors of m.
101, 241
Suppose 5 = 12*y - 7. Let f(j) = 4*j + y + 4*j**2 - 2*j**2 + 4 + 49*j**2. List the prime factors of f(-2).
3, 67
Suppose -7*u = -3*u + u. Suppose u*g + 20 = 2*g. Suppose -6*r - 504 = -g*r. List the prime factors of r.
2, 3, 7
Let d(v) = -v**2 + 20*v + 25. Let c be d(21). Suppose -2*j + 16 = 2*p, 6*p + c*j = p + 39. List the prime factors of p.
7
Let n = -3929 + 8720. Suppose 4*c - 5*b = n, 3*c - 3*b + 3573 = 6*c. List the prime factors of c.
2, 3, 199
Let l = 670 + -228. Let b = -284 + l. List the prime factors of b.
2, 79
Suppose 0 = 11*a - 12*a - 4*i + 18745, 3*i + 93656 = 5*a. List the prime factors of a.
11, 13, 131
Let z = 28920 - 16248. List the prime factors of z.
2, 3, 11
Let l = 357 + -369. What are the prime factors of (l/12)/((-2)/326)?
163
List the prime factors of -6 - 736760/(-70) - -2*(-2)/28.
67, 157
Let p(g) = -g**3 + 18*g**2 - 7*g + 9. Let o be p(7). Let z = 927 - o. What are the prime factors of z?
2, 107
Let g be (-5 - 42/(-14)) + 2*-1. List the prime factors of 822 + (12/3 - g).
2, 5, 83
Suppose l = 4*y + 96625, 4*y - 172741 - 20473 = -2*l. List the p